 5) to base 14
-8608a2
What is 3594a70 (base 11) in base 8?
27677216
-4313132 (base 6) to base 9
-352662
Convert -b226 (base 14) to base 5.
-1434420
What is 32542 (base 14) in base 5?
12344044
-74800 (base 11) to base 2
-11010100011101011
Convert -321410024 (base 5) to base 13.
-3867c1
Convert -1110101010101 (base 2) to base 11.
-5707
What is 122626 (base 7) in base 11?
15a94
Convert 301aa (base 11) to base 5.
2403124
What is 44307500 (base 8) in base 3?
122221122120211
20331133012 (base 4) to base 8
10753706
92a76 (base 11) to base 3
20220011211
-101111110110010111011 (base 2) to base 12
-63744b
Convert 346a0 (base 15) to base 12.
806a3
Convert 4962187 (base 10) to base 12.
17b3777
-2110101212122 (base 3) to base 4
-10333011332
158108 (base 9) to base 2
10111110111101111
-4135002 (base 7) to base 12
-1bb283
44744 (base 9) to base 2
111010001000111
Convert 1621410 (base 8) to base 9.
782528
1db046 (base 14) to base 4
10010213112
176514 (base 13) to base 3
1002201211110
Convert 131a0 (base 11) to base 6.
223201
What is -18a87 (base 12) in base 7?
-210154
-1d804 (base 14) to base 10
-75660
What is -785133 (base 11) in base 12?
-504169
Convert 4662040 (base 8) to base 9.
2346207
-f7f (base 16) to base 13
-1a62
What is -1022452 (base 6) in base 11?
-34504
Convert -310235 (base 6) to base 12.
-1237b
What is -1765131 (base 8) in base 2?
-1111110101001011001
Convert 323420 (base 8) to base 3.
12111120021
What is 3616668 (base 10) in base 2?
1101110010111110011100
-10011111110010100101100 (base 2) to base 8
-23762454
What is -3886174 (base 10) in base 6?
-215143314
What is -baeed (base 15) in base 8?
-2210116
What is 4a35a2 (base 13) in base 11?
1005112
What is 956815 (base 11) in base 12?
61a442
What is 1213165 (base 7) in base 16?
25ca5
What is 6820505 (base 9) in base 2?
1110000001000111001010
102254535 (base 7) to base 3
102101020102100
Convert -20233115 (base 7) to base 5.
-413021433
Convert -10165341 (base 7) to base 15.
-11dc4c
326296 (base 10) to base 7
2526205
-13302 (base 9) to base 5
-241433
-124131 (base 8) to base 6
-531305
What is 3010233 (base 5) in base 10?
47568
What is -1043fe (base 16) in base 8?
-4041776
Convert 40124044 (base 5) to base 9.
533345
Convert -132111213 (base 6) to base 2.
-1010000000001010011001
What is 154551 (base 6) in base 5?
442311
What is 2f4f3 (base 16) in base 6?
4053043
What is -449c1 (base 14) in base 10?
-166573
What is 11563150 (base 8) in base 3?
11210112001110
-3345060 (base 7) to base 3
-210001220100
What is 112202211202 (base 3) in base 6?
10122032
-6b4ab3 (base 14) to base 3
-20220002011100
Convert e546d (base 15) to base 13.
1c5976
Convert -836718 (base 9) to base 13.
-145304
Convert -1101321302 (base 4) to base 15.
-695ee
What is -1102002323 (base 5) in base 10?
-2375338
Convert 331242343 (base 6) to base 9.
12163200
What is -5531b (base 14) in base 7?
-1516534
Convert 7706266 (base 9) to base 15.
56b136
Convert afa4 (base 16) to base 3.
2021200100
-111218 (base 9) to base 12
-325b2
371446 (base 8) to base 15
27cdc
What is -2422505 (base 6) in base 3?
-20111001212
Convert 5ad22 (base 15) to base 14.
778a4
1b1b12 (base 14) to base 16
ebac4
-112110022100111 (base 3) to base 8
-35234632
Convert e316a6 (base 15) to base 10.
10788006
What is 31253435 (base 6) in base 8?
3357777
What is -2134004233 (base 5) in base 4?
-101201222032
Convert -324314 (base 7) to base 12.
-28a15
Convert -32001043 (base 5) to base 9.
-444513
What is -242a1 (base 11) in base 4?
-20202033
22414201 (base 5) to base 4
301013120
Convert -1010101010 (base 3) to base 10.
-22143
Convert -53031025 (base 7) to base 16.
-445513
Convert 101010001011111 (base 2) to base 12.
105bb
Convert 2032222323 (base 4) to base 6.
20305243
3042423310 (base 5) to base 9
12625514
29088 (base 10) to base 4
13012200
Convert 12d1a3 (base 15) to base 10.
904878
653439 (base 10) to base 12
276193
20110000200 (base 3) to base 14
3433a
What is -6c3885 (base 13) in base 12?
-a44266
What is -21210332311 (base 4) in base 10?
-2510773
Convert -189425 (base 10) to base 14.
-4d065
-2500246 (base 11) to base 2
-10000100101101011111101
Convert -98692 (base 12) to base 16.
-312ce
Convert -2b635 (base 12) to base 15.
-132c5
What is 173a8a (base 12) in base 2?
1100001110101001010
Convert -55041450 (base 6) to base 8.
-6200206
Convert 3fe727 (base 16) to base 15.
57ad13
Convert -2414122 (base 8) to base 15.
-d105b
What is 1225132 (base 8) in base 2?
1010010101001011010
What is -5a2cb4 (base 14) in base 3?
-12210112201102
Convert -1111100011000111000101 (base 2) to base 9.
-7602158
Convert 15504442 (base 6) to base 7.
4462424
5b0612 (base 13) to base 12
888901
What is 2545642 (base 8) in base 4?
2230232202
1122222 (base 10) to base 8
4217656
-27a396 (base 12) to base 10
-660642
What is 3f25 (base 16) in base 15?
4bca
223343 (base 10) to base 12
a92bb
What is -105b0bc (base 13) in base 12?
-180a014
Convert -25366866 (base 9) to base 14.
-191d37c
-53411301 (base 7) to base 10
-4540782
Convert 149633b (base 13) to base 11.
3796806
110453210 (base 6) to base 16
1e7c26
Convert -20130230 (base 4) to base 8.
-103454
Convert 63878 (base 11) to base 4.
112223130
What is -4959102 (base 10) in base 3?
-100022221121110
Convert -14656433 (base 7) to base 11.
-88288a
-211103301 (base 4) to base 3
-21202121220
13066540 (base 8) to base 15
3c7a59
Convert 705373 (base 16) to base 15.
9a624a
-12001222010222 (base 3) to base 8
-12221415
What is -2e198d (base 16) in base 10?
-3021197
Convert 3666645 (base 8) to base 5.
224323414
What is 1144151 (base 6) in base 13?
21736
Convert 1430110441 (base 5) to base 7.
43623142
Convert 512861 (base 9) to base 10.
303967
Convert -13313124 (base 5) to base 4.
-201003312
What is -22021020220001 (base 3) in base 7?
-52231315
4255333 (base 6) to base 5
23203430
What is 380647 (base 9) in base 8?
701424
22440744 (base 9) to base 16
a6325b
10f89 (base 16) to base 8
207611
What is -79717 (base 12) in base 13?
-587cb
What is -11040162 (base 7) in base 10?
-950889
Convert c6a715 (base 16) to base 4.
301222130111
-541031 (base 9) to base 7
-2511331
10760239 (base 10) to base 11
608a366
Convert -11209622 (base 10) to base 6.
-1040132222
Convert c662cc (base 14) to base 5.
3203421140
Convert 2111220112111 (base 3) to base 14.
26b18c
-20300211 (base 4) to base 6
-434033
What is -da5841 (base 14) in base 13?
-16ba302
What is -441112 (base 8) in base 2?
-100100001001001010
232013 (base 14) to base 4
10210011301
Convert -99678 (base 11) to base 10.
-144559
What is -744566 (base 10) in base 9?
-1354315
What is 623220 (base 7) in base 16?
1a121
What is 7149a2 (base 15) in base 8?
24417447
-11421411 (base 5) to base 12
-52417
Convert 54562 (base 12) to base 2.
11011001100011010
What is -100222220202 (base 3) in base 13?
-6b741
What is -1ca8ba (base 13) in base 6?
-23450204
What is 110534334 (base 6) in base 3?
10202210000211
-1011110100100001001011 (base 2) to base 10
-3098699
What is 65977 (base 11) in base 6?
2014534
What is -12110155 (base 7) in base 16?
-10737a
What is -3514342 (base 7) in base 10?
-440932
-4e092c (base 15) to base 6
-212201153
Convert 43fc58 (base 16) to base 12.
15aa508
What is -21234515 (base 6) in base 16?
-9914f
Convert -3ad50 (base 16) to base 2.
-111010110101010000
-10210131011 (base 4) to base 9
-2225172
What is -193631 (base 10) in base 16?
-2f45f
What is 201404330 (base 5) in base 7?
6612262
What is 1461103 (base 7) in base 15?
3e26d
1ac78 (base 16) to base 12
53588
Convert 101100100010000100100100 (base 2) to base 16.
b22124
What is -bd984 (base 16) in base 4?
-2331212010
10653515 (base 9) to base 6
302511322
What is 6516500 (base 7) in base 16?
c2009
What is -126624 (base 7) in base 13?
-abb7
Convert -321331011 (base 6) to base 3.
-101200012122021
What is 10014060 (base 7) in base 2?
11001001111111011110
11232010200 (base 5) to base 13
284ca31
-150445 (base 8) to base 7
-312045
115669 (base 11) to base 2
101100101101101100
What is 120a2 (base 13) in base 14?
c0b5
What is 11110020012122 (base 3) in base 11?
1376a81
Convert -8e74de (base 16) to base 5.
-4342223110
What is -88784 (base 10) in base 12?
-43468
Convert -10001000111010111 (base 2) to base 13.
-25ba7
Convert -29b20a (base 12) to base 11.
-440691
What is -1424043202 (base 5) in